{"id":232,"date":"2015-03-17T14:13:18","date_gmt":"2015-03-17T13:13:18","guid":{"rendered":"https:\/\/www.va-genossenschaft.ch\/?page_id=232"},"modified":"2023-06-21T11:33:20","modified_gmt":"2023-06-21T09:33:20","slug":"organisation","status":"publish","type":"page","link":"https:\/\/www.va-genossenschaft.ch\/de\/ueber-uns\/organisation\/","title":{"rendered":"Organisation"},"content":{"rendered":"<p>&nbsp;<\/p>\n<p><strong>Gesch\u00e4ftsleitung<\/strong><\/p>\n<ul>\n<li>Norman Gerber, Direktor<\/li>\n<li>Adrian Br\u00fcnisholz, Vizedirektor, Leiter Finanzen<\/li>\n<li>Roland Koller, Vizedirektor, Leiter Vertrieb und Marketing<\/li>\n<li>Gabriele Brun del Re, Leiter Versicherungen<\/li>\n<\/ul>\n<p><a href=\"https:\/\/www.va-genossenschaft.ch\/wp-content\/uploads\/2015\/03\/Organigramm_2020_d-1.png\"><img fetchpriority=\"high\" decoding=\"async\" width=\"3307\" height=\"2268\" class=\"alignnone wp-image-1725 size-full\" src=\"https:\/\/www.va-genossenschaft.ch\/wp-content\/uploads\/2015\/03\/Organigramm_2020_d-1.png\" alt=\"\" srcset=\"https:\/\/www.va-genossenschaft.ch\/wp-content\/uploads\/2015\/03\/Organigramm_2020_d-1.png 3307w, https:\/\/www.va-genossenschaft.ch\/wp-content\/uploads\/2015\/03\/Organigramm_2020_d-1-300x206.png 300w, https:\/\/www.va-genossenschaft.ch\/wp-content\/uploads\/2015\/03\/Organigramm_2020_d-1-768x527.png 768w, https:\/\/www.va-genossenschaft.ch\/wp-content\/uploads\/2015\/03\/Organigramm_2020_d-1-1024x702.png 1024w, https:\/\/www.va-genossenschaft.ch\/wp-content\/uploads\/2015\/03\/Organigramm_2020_d-1-31x21.png 31w\" sizes=\"(max-width: 3307px) 100vw, 3307px\" \/><\/a><\/p>\n<p><strong>Verwaltung<\/strong><br \/>\nDie Verwaltung besteht aus seinem Pr\u00e4sidenten und sechs weiteren Mitgliedern, von denen mindestens drei Medizinalakademiker sein m\u00fcssen. Der Verwaltungsrat wird von der Delegiertenversammlung auf drei Jahre gew\u00e4hlt.<\/p>\n<ul>\n<li>Dr. sc. math. Hanspeter Tobler, Pr\u00e4sident seit 2020<\/li>\n<li>Dr. med. Balthasar Leuzinger, Vizepr\u00e4sident seit 2002<\/li>\n<li>Dr. med. dent. Jean-Philippe Haesler, Mitglied seit 2023<\/li>\n<li>Frau Anuschka Aim\u00e9e K\u00fcng, Mitglied seit 2020<\/li>\n<li>Dr. med. Rolf Lehmann, Mitglied seit 1993<\/li>\n<li>Dr. med. vet. Ann Parvis, Mitglied seit 2020<\/li>\n<li>Prof. Dr. rer. pol. Heinz Zimmermann, Mitglied seit 2008<\/li>\n<\/ul>\n<p><strong>Delegierte<\/strong><br \/>\nDie Delegierten wahren die Interessen der Genossenschaft. F\u00fcr die Wahl werden die Genossenschafter in Delegiertenwahlkreise eingeteilt. Jeder Wahlkreis hat Anrecht auf mindestens zwei und h\u00f6chstens f\u00fcnf Vertreter. Die Delegierten werden f\u00fcr eine Amtsdauer von vier Jahren gew\u00e4hlt.<\/p>\n<p>Die Delegiertenwahlkreise umfassen:<\/p>\n<ul>\n<li>Kreis 1 die Kantone: GE, VD,\u00a0und NE<\/li>\n<li>Kreis 2 die Kantone: BS, BL, AG und SO<\/li>\n<li>Kreis 3 die Kantone: TG, SG, SH, AI, AR, GL und GR<\/li>\n<li>Kreis 4 die Kantone: BE, JU,\u00a0FR und\u00a0VS<\/li>\n<li>Kreis 5 die Kantone: UR, SZ, NW, OW, LU, ZG und TI<\/li>\n<li>Kreis 6 die Kantone: ZH<\/li>\n<li>Kreis Tier\u00e4rzte<\/li>\n<li>Kreis Zahn\u00e4rzte<\/li>\n<\/ul>\n<p>Die ordentliche Delegiertenversammlung findet j\u00e4hrlich innert sechs Monaten nach Abschluss des Gesch\u00e4ftsjahres statt.<\/p>\n<p><a href=\"https:\/\/www.va-genossenschaft.ch\/wp-content\/uploads\/2023\/06\/Aufstellung-Delegierte-2023-2026.pdf\">Delegierte 2023-2026<\/a><\/p>\n","protected":false},"excerpt":{"rendered":"<p>&nbsp; Gesch\u00e4ftsleitung Norman Gerber, Direktor Adrian Br\u00fcnisholz, Vizedirektor, Leiter Finanzen Roland Koller, Vizedirektor, Leiter Vertrieb und Marketing Gabriele Brun del Re, Leiter Versicherungen Verwaltung Die Verwaltung besteht aus seinem Pr\u00e4sidenten und sechs weiteren Mitgliedern, von denen mindestens drei Medizinalakademiker sein m\u00fcssen. Der Verwaltungsrat wird von der Delegiertenversammlung auf drei Jahre gew\u00e4hlt. Dr. sc. math. Hanspeter &hellip; <a href=\"https:\/\/www.va-genossenschaft.ch\/de\/ueber-uns\/organisation\/\" class=\"more-link\"><span class=\"screen-reader-text\">Organisation<\/span> weiterlesen <span class=\"meta-nav\">&rarr;<\/span><\/a><\/p>\n","protected":false},"author":1,"featured_media":0,"parent":91,"menu_order":0,"comment_status":"open","ping_status":"open","template":"","meta":{"footnotes":""},"class_list":["post-232","page","type-page","status-publish","hentry"],"_links":{"self":[{"href":"https:\/\/www.va-genossenschaft.ch\/de\/wp-json\/wp\/v2\/pages\/232","targetHints":{"allow":["GET"]}}],"collection":[{"href":"https:\/\/www.va-genossenschaft.ch\/de\/wp-json\/wp\/v2\/pages"}],"about":[{"href":"https:\/\/www.va-genossenschaft.ch\/de\/wp-json\/wp\/v2\/types\/page"}],"author":[{"embeddable":true,"href":"https:\/\/www.va-genossenschaft.ch\/de\/wp-json\/wp\/v2\/users\/1"}],"replies":[{"embeddable":true,"href":"https:\/\/www.va-genossenschaft.ch\/de\/wp-json\/wp\/v2\/comments?post=232"}],"version-history":[{"count":77,"href":"https:\/\/www.va-genossenschaft.ch\/de\/wp-json\/wp\/v2\/pages\/232\/revisions"}],"predecessor-version":[{"id":1955,"href":"https:\/\/www.va-genossenschaft.ch\/de\/wp-json\/wp\/v2\/pages\/232\/revisions\/1955"}],"up":[{"embeddable":true,"href":"https:\/\/www.va-genossenschaft.ch\/de\/wp-json\/wp\/v2\/pages\/91"}],"wp:attachment":[{"href":"https:\/\/www.va-genossenschaft.ch\/de\/wp-json\/wp\/v2\/media?parent=232"}],"curies":[{"name":"wp","href":"https:\/\/api.w.org\/{rel}","templated":true}]}}

<p>&nbsp;</p>
<p><strong>Geschäftsleitung</strong></p>
<ul>
<li>Norman Gerber, Direktor</li>
<li>Adrian Brünisholz, Vizedirektor, Leiter Finanzen</li>
<li>Roland Koller, Vizedirektor, Leiter Vertrieb und Marketing</li>
<li>Gabriele Brun del Re, Leiter Versicherungen</li>
</ul>
<p><a href="https://www.va-genossenschaft.ch/wp-content/uploads/2015/03/Organigramm_2020_d-1.png"><img fetchpriority="high" decoding="async" width="3307" height="2268" class="alignnone wp-image-1725 size-full" src="https://www.va-genossenschaft.ch/wp-content/uploads/2015/03/Organigramm_2020_d-1.png" alt="" srcset="https://www.va-genossenschaft.ch/wp-content/uploads/2015/03/Organigramm_2020_d-1.png 3307w, https://www.va-genossenschaft.ch/wp-content/uploads/2015/03/Organigramm_2020_d-1-300x206.png 300w, https://www.va-genossenschaft.ch/wp-content/uploads/2015/03/Organigramm_2020_d-1-768x527.png 768w, https://www.va-genossenschaft.ch/wp-content/uploads/2015/03/Organigramm_2020_d-1-1024x702.png 1024w, https://www.va-genossenschaft.ch/wp-content/uploads/2015/03/Organigramm_2020_d-1-31x21.png 31w" sizes="(max-width: 3307px) 100vw, 3307px" /></a></p>
<p><strong>Verwaltung</strong><br />
Die Verwaltung besteht aus seinem Präsidenten und sechs weiteren Mitgliedern, von denen mindestens drei Medizinalakademiker sein müssen. Der Verwaltungsrat wird von der Delegiertenversammlung auf drei Jahre gewählt.</p>
<ul>
<li>Dr. sc. math. Hanspeter Tobler, Präsident seit 2020</li>
<li>Dr. med. Balthasar Leuzinger, Vizepräsident seit 2002</li>
<li>Dr. med. dent. Jean-Philippe Haesler, Mitglied seit 2023</li>
<li>Frau Anuschka Aimée Küng, Mitglied seit 2020</li>
<li>Dr. med. Rolf Lehmann, Mitglied seit 1993</li>
<li>Dr. med. vet. Ann Parvis, Mitglied seit 2020</li>
<li>Prof. Dr. rer. pol. Heinz Zimmermann, Mitglied seit 2008</li>
</ul>
<p><strong>Delegierte</strong><br />
Die Delegierten wahren die Interessen der Genossenschaft. Für die Wahl werden die Genossenschafter in Delegiertenwahlkreise eingeteilt. Jeder Wahlkreis hat Anrecht auf mindestens zwei und höchstens fünf Vertreter. Die Delegierten werden für eine Amtsdauer von vier Jahren gewählt.</p>
<p>Die Delegiertenwahlkreise umfassen:</p>
<ul>
<li>Kreis 1 die Kantone: GE, VD, und NE</li>
<li>Kreis 2 die Kantone: BS, BL, AG und SO</li>
<li>Kreis 3 die Kantone: TG, SG, SH, AI, AR, GL und GR</li>
<li>Kreis 4 die Kantone: BE, JU, FR und VS</li>
<li>Kreis 5 die Kantone: UR, SZ, NW, OW, LU, ZG und TI</li>
<li>Kreis 6 die Kantone: ZH</li>
<li>Kreis Tierärzte</li>
<li>Kreis Zahnärzte</li>
</ul>
<p>Die ordentliche Delegiertenversammlung findet jährlich innert sechs Monaten nach Abschluss des Geschäftsjahres statt.</p>
<p><a href="https://www.va-genossenschaft.ch/wp-content/uploads/2023/06/Aufstellung-Delegierte-2023-2026.pdf">Delegierte 2023-2026</a></p>

<p>&nbsp; Geschäftsleitung Norman Gerber, Direktor Adrian Brünisholz, Vizedirektor, Leiter Finanzen Roland Koller, Vizedirektor, Leiter Vertrieb und Marketing Gabriele Brun del Re, Leiter Versicherungen Verwaltung Die Verwaltung besteht aus seinem Präsidenten und sechs weiteren Mitgliedern, von denen mindestens drei Medizinalakademiker sein müssen. Der Verwaltungsrat wird von der Delegiertenversammlung auf drei Jahre gewählt. Dr. sc. math. Hanspeter &hellip; <a href="https://www.va-genossenschaft.ch/de/ueber-uns/organisation/" class="more-link"><span class="screen-reader-text">Organisation</span> weiterlesen <span class="meta-nav">&rarr;</span></a></p>
