{"id":498,"date":"2015-03-17T19:38:32","date_gmt":"2015-03-17T18:38:32","guid":{"rendered":"https:\/\/www.va-genossenschaft.ch\/ueber-uns\/unsere-berater\/"},"modified":"2015-04-22T13:31:52","modified_gmt":"2015-04-22T11:31:52","slug":"nos-conseillers","status":"publish","type":"page","link":"https:\/\/www.va-genossenschaft.ch\/fr\/portrait\/nos-conseillers\/","title":{"rendered":"Nos conseillers"},"content":{"rendered":"<p>Notre r\u00e9seau de partenaires, compos\u00e9 de conseillers comp\u00e9tents, s\u2019\u00e9tend sur toute la Suisse. Vous trouverez tr\u00e8s facilement un interlocuteur proche de chez vous.<\/p>\n","protected":false},"excerpt":{"rendered":"<p>Notre r\u00e9seau de partenaires, compos\u00e9 de conseillers comp\u00e9tents, s\u2019\u00e9tend sur toute la Suisse. Vous trouverez tr\u00e8s facilement un interlocuteur proche de chez vous.<\/p>\n","protected":false},"author":1,"featured_media":0,"parent":494,"menu_order":0,"comment_status":"open","ping_status":"open","template":"page-berater.php","meta":{"footnotes":""},"class_list":["post-498","page","type-page","status-publish","hentry"],"_links":{"self":[{"href":"https:\/\/www.va-genossenschaft.ch\/fr\/wp-json\/wp\/v2\/pages\/498","targetHints":{"allow":["GET"]}}],"collection":[{"href":"https:\/\/www.va-genossenschaft.ch\/fr\/wp-json\/wp\/v2\/pages"}],"about":[{"href":"https:\/\/www.va-genossenschaft.ch\/fr\/wp-json\/wp\/v2\/types\/page"}],"author":[{"embeddable":true,"href":"https:\/\/www.va-genossenschaft.ch\/fr\/wp-json\/wp\/v2\/users\/1"}],"replies":[{"embeddable":true,"href":"https:\/\/www.va-genossenschaft.ch\/fr\/wp-json\/wp\/v2\/comments?post=498"}],"version-history":[{"count":4,"href":"https:\/\/www.va-genossenschaft.ch\/fr\/wp-json\/wp\/v2\/pages\/498\/revisions"}],"predecessor-version":[{"id":764,"href":"https:\/\/www.va-genossenschaft.ch\/fr\/wp-json\/wp\/v2\/pages\/498\/revisions\/764"}],"up":[{"embeddable":true,"href":"https:\/\/www.va-genossenschaft.ch\/fr\/wp-json\/wp\/v2\/pages\/494"}],"wp:attachment":[{"href":"https:\/\/www.va-genossenschaft.ch\/fr\/wp-json\/wp\/v2\/media?parent=498"}],"curies":[{"name":"wp","href":"https:\/\/api.w.org\/{rel}","templated":true}]}}

<p>Notre réseau de partenaires, composé de conseillers compétents, s’étend sur toute la Suisse. Vous trouverez très facilement un interlocuteur proche de chez vous.</p>
